tors of t?
79
Let t(a) = -3781*a + 244. List the prime factors of t(-3).
11587
Let w = -780 + 990. List the prime factors of (-40 + (2 - 1))/((-210)/w).
3, 13
List the prime factors of (561/(-44) - -12) + (-1626317)/(-28).
2, 113, 257
Suppose 0 = 14*o - 61*o + 47. List the prime factors of o*(-4)/10 - 598416/(-840).
2, 89
Suppose 5*h - 6*q + 2*q - 26 = 0, -20 = 5*q. Let c(t) be the first derivative of 16*t**3/3 + 3*t**2/2 - 9*t - 655. List the prime factors of c(h).
61
Let v(j) = 71*j - 136*j + 125*j + 2. List the prime factors of v(4).
2, 11
Let g(a) = -5*a - 226 + 115*a**2 + 106 + 115. What are the prime factors of g(-2)?
3, 5, 31
What are the prime factors of (-39)/(-6)*(-50 - -330)?
2, 5, 7, 13
Let s(i) = i**3 + 2*i**2 - i - 1. Let o be s(1). Let q be -8*((-4)/8 + o/(-4)). Suppose q*c + 133 = 487. List the prime factors of c.
59
Suppose 0 = -6*i + 188035 - 27289. What are the prime factors of i?
73, 367
Let p be 1/2 - (-2 - (-22)/4). Let t be p/2*(-4)/(-6) - -3. Suppose 3*s = 140 - t. List the prime factors of s.
2, 23
Let w be (2/(-1))/((-3)/18). Let y(v) = 2*v**2 + 2*v - 125. What are the prime factors of y(w)?
11, 17
Let m(t) = 262*t**2 + 40*t - 39. List the prime factors of m(-8).
61, 269
Suppose 4*k - 9980 = -2*g, -k + 2459 = 3*g - 12516. List the prime factors of g.
2, 3, 13
What are the prime factors of (34*1/7)/(9*8/230328)?
2, 17, 457
Let f(g) = 2*g**3 - 41*g**2 - 114*g - 32. What are the prime factors of f(31)?
5, 3323
Let f(u) = 1 - 19*u + 5*u + 15*u + 0. Let p be f(1). Suppose -p*o - k + 137 = 2*o, -k - 67 = -2*o. What are the prime factors of o?
2, 17
Suppose -94*k + 438371 = -278661. List the prime factors of k.
2, 1907
Let h(s) = 9*s**2 + 4. Let t be h(-2). Let v = t - 40. Suppose 19*w - 16*w - 195 = v. What are the prime factors of w?
5, 13
List the prime factors of 3073 + 2 + (-2)/(22/(-33)).
2, 3, 19
Suppose -444*s = -449*s + 30300. List the prime factors of s.
2, 3, 5, 101
Suppose 46*k - 50*k - 36 = 0. Let r be k/1 - (3 - 1). List the prime factors of -2 - -4 - (r - 125).
2, 3, 23
Let d(t) = 52*t**3 + 12*t**2 - 27*t - 89. What are the prime factors of d(8)?
3, 9029
Suppose 22*r + 18*r - 258488 - 9912 = 0. What are the prime factors of r?
2, 5, 11, 61
Let s(a) = -28*a + 193. Let p(z) = 143*z - 967. Let y(m) = -2*p(m) - 11*s(m). What are the prime factors of y(21)?
3, 7, 13
Let m = 87 - 134. Let q = -43 - m. Suppose 5*r - 84 - 296 = q*a, 0 = -4*r - 4*a + 268. List the prime factors of r.
2, 3
Suppose 0 = -91*x + 68*x - 1886. Let z = x + 1647. List the prime factors of z.
5, 313
List the prime factors of 10/(-15)*(13836427/(-132) - 6/72).
7, 67, 149
Let v = -6 + 9. Let r(s) = -16 + 1 - s**2 + s - 19*s - v*s. List the prime factors of r(-12).
3, 31
Suppose 7*h - 3*g + 20 = 9*h, 4*h + g - 40 = 0. What are the prime factors of ((-5)/h)/(2/(-236))?
59
Suppose 0 = -4*q + q. Suppose -5 = z - q*z, 3*x - 5*z = 37. Suppose -x*v = 5*m - 135, 2*v = v - m + 33. What are the prime factors of v?
2, 3, 5
Let o(j) = -j**3 - 20*j**2 - 19*j - 28. List the prime factors of o(-22).
2, 7, 97
Let d = 621 + -614. Suppose -d*v + 1049 = -750. List the prime factors of v.
257
Let o(n) = -n**3 - 5*n**2 + 20*n + 27. Let v be o(-9). Let a = -129 + v. What are the prime factors of a?
2, 3, 7
Let s(n) = -n**3 - 3*n**2 - 5*n + 3. Let b be s(-4). Let r = 18 + b. Suppose -t + r = t + 5*l, -5*t - l + 108 = 0. What are the prime factors of t?
3, 7
Suppose -10*r + 6447 = -503. Suppose -12*q + r = -11*q. List the prime factors of q.
5, 139
Let w(i) = 856*i + 174. Let q be w(-4). Let o be 2 - (-1)/(-2)*2. List the prime factors of (0 + o)/((-13)/q).
2, 5
Let f(m) = -m. Let x be f(-6). Let s(c) = -c**3 + 6*c**2 + c - 1. Let w be s(x). Suppose l - 9 = -w. List the prime factors of l.
2
Let z(r) be the second derivative of r**5/20 + 7*r**4/12 - 4*r**3/3 + 5*r**2/2 + 2*r. Let t be (-6)/(-3) - (12 + -5). List the prime factors of z(t).
5, 19
Let q be 3/((-45)/(-6)) - 215/(-25). Let g(t) = 2*t**2 + 4*t + 6. Let z be g(6). Let l = z - q. What are the prime factors of l?
3, 31
Let h = -284 - -287. Let b be 4 - 0 - (4 - 2). Suppose -b*f + 380 = 5*t + h*f, 2*t = 3*f + 127. List the prime factors of t.
71
Let l = -118 - -123. Suppose 3*f = 2*p + p + 303, l*f - p - 521 = 0. Suppose -8*y + 3*y = -f. List the prime factors of y.
3, 7
List the prime factors of ((-510)/17)/(-5) + (-86688)/(-4).
2, 3, 3613
Let i = -19 - 3. Let m = i - -22. Suppose -7*a - 3*a + 160 = m. List the prime factors of a.
2
Let y(x) = 81*x - 42 - 48*x - 38*x. Suppose 0 = -3*q - 3*z - z - 49, -5*q + 3*z = 43. What are the prime factors of y(q)?
13
Suppose 8 = 2*k + 2*g, -4*k = -2*g + 7*g - 15. Suppose 203 + 77 = -k*f. Let s = 89 + f. List the prime factors of s.
3, 11
Let j(h) = -h**3 + 9*h**2 - 50*h + 31. What are the prime factors of j(-15)?
7, 883
Let l = -258 + 171. Suppose 2*w + w = -246. Let v = w - l. List the prime factors of v.
5
Let u = -26 - -29. Suppose 3*o = u*s + 444, 0*o - 4*s - 306 = -2*o. Suppose 2*k + d - 230 = 0, -4*k + o = 3*d - 313. What are the prime factors of k?
3, 13
Let c(f) = 52*f**2 + 0 - 51*f**2 + 0 - 445*f**3. Let o be c(-1). Suppose -2*d + 2*w + 184 = 0, 5*d + w - o = -w. What are the prime factors of d?
2, 3, 5
Let w be 1 - (12/3)/(-1 - 1). Let i be 317*((-4)/(-1) - w). Suppose 4*k - 171 = i. What are the prime factors of k?
2, 61
Suppose 195*f + 189*f = 403*f - 77197. What are the prime factors of f?
17, 239
Let h be (0 - 7/((-70)/142225))*6. What are the prime factors of h/60 + 1/(-4)?
2, 3, 79
Suppose -4*m + 73476 = -2*z, -17*m + 12*m - 2*z + 91827 = 0. What are the prime factors of m?
18367
Suppose 0 = a + 3*p - 3 - 4, -5*p - 7 = -3*a. Let o = -167 - -172. Suppose -5*n = 5*l - 120, -a*n + o*n = -5*l + 24. List the prime factors of n.
2, 3
Let z(p) be the first derivative of -39/2*p**2 + 14*p - 23. List the prime factors of z(-4).
2, 5, 17
Let j(n) = 1123*n + 601. What are the prime factors of j(5)?
2, 3, 7, 37
Let h(p) = 49*p**3 - 2*p**2 - 2*p + 3. Let l be h(1). Suppose -51*x = -l*x + 378. Let f = -42 - x. What are the prime factors of f?
2, 3, 7
Let u(w) = 54*w - 55. Let r = -38 - -47. List the prime factors of u(r).
431
Let i(q) be the third derivative of q**6/120 - q**5/6 + 5*q**4/6 + 19*q**3/6 + 139*q**2. What are the prime factors of i(10)?
3, 73
Let s be (102/(-15))/(39/15 - 3). Suppose -s*w = 701 + 2410. Let j = -113 - w. What are the prime factors of j?
2, 5, 7
Let x(s) = 2*s**2 + 31*s - 39. Suppose 13*n = 7*n - 138. List the prime factors of x(n).
2, 3, 17
Let u(l) = 17*l**2 - 428*l - 5. List the prime factors of u(34).
5, 1019
Let a(r) = -5*r**3 + 51*r**2 - 13*r + 37. Let f be a(10). Let s = 2 - 2. Suppose -m + 515 = -2*y + f*y, s = -2*y - 2*m + 214. List the prime factors of y.
2, 3, 17
Let u = -35404 + 66659. List the prime factors of u.
5, 7, 19, 47
What are the prime factors of 5 - (2 - 7755 - 12)?
2, 3, 5, 7, 37
Suppose -277883 + 1097063 = 90*l. List the prime factors of l.
2, 3, 37, 41
Let f(c) be the third derivative of -11/3*c**3 + 0*c + 1/120*c**6 + 5/24*c**4 + 14*c**2 - 3/20*c**5 + 0. What are the prime factors of f(10)?
2
Let q(b) be the first derivative of b**5/60 + b**4/12 - 4*b**3/3 - 21*b**2/2 + 26. Let l(t) be the second derivative of q(t). List the prime factors of l(-7).
3
Let s(m) = 219*m + 195. Let z(g) = -44*g - 39. Let y(p) = -2*s(p) - 11*z(p). What are the prime factors of y(10)?
499
Let i(s) = 2*s - 10. Let v be i(4). Let k be (-9)/v*(-36)/(-54). Suppose -k*t + 312 - 72 = 0. What are the prime factors of t?
2, 5
Suppose 14*w - 173619 - 142445 = 0. What are the prime factors of w?
2, 17, 83
Let a = 29 - 27. Suppose 3*x - 65 = a*t, 30 + 29 = -2*t - 3*x. What are the prime factors of (t/3)/(9/(-27))?
31
Let u be (-14948)/(-16) + -4 + 30/8. What are the prime factors of (u/(-7))/(5/(-35))?
2, 467
Suppose -682 = -r - 2*m + 16315, -2*r = -4*m - 33994. List the prime factors of r.
23, 739
Suppose 367*h = 364*h + 4623. What are the prime factors of h?
23, 67
Suppose -5*y - 15758 = w - 51992, -3*w = -5*y - 108822. What are the prime factors of w?
2, 3, 1511
What are the prime factors of 18423 + (1 + 13)/2?
2, 5, 19, 97
List the prime factors of (-14 - (-114615)/75)/(2/10).
67, 113
Suppose q + h - 222 = 0, -4*h - 130 = -4*q + 782. Let o = 